5 + 0 + 5?
-87
Evaluate (-27 - -5) + (-1279 - -1288).
-13
What is 52 + (12 - 4) + 128 + -119?
69
5 + -6 + -7 - (8 + -5 + -7)
-4
Calculate 1 - (-9 - (-58 - (22 + -40))).
-30
What is 12 - -1 - (1801 + -1812)?
24
What is the value of 105 + -310 + 79 - (1 + -2)?
-125
What is (-94 - -46) + 5 + -1 - -22?
-22
5 + 57 + -71 - 35
-44
What is -344 + 352 - (-6 + 3 + (5 - 38) + -1)?
45
Evaluate 9 + -2 + (-13 - (-24 + 14)) + -8.
-4
Calculate 5 - ((-10 - 1) + 6 - -8) - 4.
-2
What is (-84 - -149) + -77 - (-3 - (1 - 3) - 63)?
52
What is -98 - (-251 + 130) - 75?
-52
Evaluate 37 + 136 + -161 + (2 - -24).
38
What is the value of -1 + (-5 - 0) - (31 + (35 - (134 - 3)))?
59
Calculate 72 + (-188 - (-151 - -54)).
-19
Calculate -46 + (8 - 4) + -254 + 249.
-47
Calculate (-70 - (-5 - -11) - (4 - (5 - 7))) + 11.
-71
Calculate 49 - ((-2 - -12) + (5 - (-40 + 22)) + -43).
59
Evaluate (12 - 10) + -11 + 9 + -41 + -5.
-46
What is the value of 26 - (2 + 31 - 35 - (0 - -1))?
29
What is the value of 18 - (-8 + (53 - 36))?
9
What is -841 - -818 - (-50 - 0)?
27
What is (-6 - 18) + 962 + -963?
-25
What is 142 + -141 + (-2 + 5 - 6)?
-2
What is the value of -20 + -10 + -12 + 49?
7
What is (86 - (63 - 7)) + -107?
-77
-755 - -761 - (0 + (6 - -1) + -21 + 21)
-1
What is (1 - 0) + (66 + 4 - 2) - (222 + -226)?
73
What is the value of -7 - 6 - (9 - -4)?
-26
What is 1 - -57 - (-78 - -25 - (4 - 51))?
64
Calculate 44 - ((-6 - -3) + -1 + -9 + 26).
31
7 - (-19 - (-25 - -22)) - 8
15
11 + 4 + 3 + (-44 - -4) + -12
-34
What is the value of 2 + (-3 + (-18 - -26) - (27 + -2))?
-18
Evaluate -114 - -63 - -85 - 154.
-120
Calculate (-17 - -1) + ((7 - 14) + 5 - -8 - 13).
-23
What is 14 + 29 + ((-6 - (2 + -3)) + -5 - -5)?
38
What is the value of (-34 - (3 + -5 + 0)) + (-12 - 1)?
-45
Calculate 726 + -608 - (-1 - -141).
-22
What is the value of 37 - ((5 + -16 - -43) + 1)?
4
5 + 29 + 27 + -173 + -1 + 22
-91
Calculate (1300 - 1305) + (2 - -25).
22
(59 - 45) + 7 + 17
38
What is (44 - 1) + 25256 + -25271?
28
46 + -3 + 7 + 0 + 832 + -844
38
Calculate -8 - ((1 - 0) + -26 + -992 + 986).
23
5 - 1 - (-14 + -3 + 27 + -5 - -55)
-56
Calculate -41 + -5 - -31 - ((-3 - 0) + 6 + -5).
-13
Calculate (2 + 2 - -36) + -6 + (7 - 6).
35
Calculate 78 - (83 + -17 + -20 - 14).
46
What is the value of (-25 + 19 - (3 - -12)) + 38?
17
What is the value of (1545 - 1533) + -1 + -59?
-48
Calculate -90 - (-25 - (34 + -5)).
-36
What is 76 + (17 - (26 + -19)) + (-1 - 9) - -2?
78
What is (-51 + -21 - 20) + 49?
-43
What is 1 - (-16 - -64 - 4)?
-43
What is 230 + -226 + (-56 - ((0 - 2) + -1))?
-49
What is the value of (62 - (52 + 97)) + 102?
15
Evaluate 25 - (-3 - (9 - 17)) - -12.
32
Evaluate -11 - (-9 - (-3 + 5 + -6 + -3)) - -42.
33
What is the value of 0 + 9 - (3 + -2 + (-13 + 29 - 10))?
2
What is the value of 12363 - 12242 - (2 + (2 - -34))?
83
What is the value of -17 - (-10 - (10 + -47) - 4)?
-40
What is 110 + -72 - (27 - 22)?
33
Evaluate 135 + (-181 - 105) - -143.
-8
What is the value of 1 + -16 + (-198 - -195)?
-18
What is 6 + (-11 - (-19 - (-4 + -19 + 5)))?
-4
Evaluate -14 + 22 + (-2 + -3 - -2) + (-2 - 67).
-64
-35 + (-46 - -89) + -45
-37
Evaluate 30 - (8 - -18) - 68 - 6.
-70
Evaluate 4 + (-7 - 2) + (59 - (-2 + (6 - 4))).
54
Evaluate 1 + -2 - -90 - (-117 - 26 - -162).
70
What is (35 - 39 - 14) + 63?
45
What is (4 - 2 - -1) + 1 + -1 + -10995 + 10962?
-30
Evaluate -41 + -33 + (64 - -27).
17
Evaluate (637 - 531) + -52 + -1.
53
Evaluate 59 - (64 + 27) - 14.
-46
What is (-56 - -5) + 75 - 43?
-19
What is the value of 66 - (20 - -21) - (9 + 5)?
11
What is 10 + 3 - ((-11 - -22) + 2 + 8 + -40)?
32
Evaluate (-33 - -37) + (46 - 5 - 1) - 5.
39
What is (-15 - -9) + (0 + -1 - -7 - 6)?
-6
(24 + 13 + -2 - 42) + (0 - 1 - -58)
50
What is the value of -9 + 67 + -44 + -16 + (-1 - -85)?
82
Calculate 3 + -62 - (645 + -679).
-25
(-22 - (7 + -13)) + 9 + 15 - 1 - 4
3
Evaluate (-23 - (1 - -23 - 18)) + 3 + 7.
-19
48 - (-2 + 0 + -9 - (220 + -229))
50
-89 + 18 + 39 + -9 - -163
122
(10 - (-15 - -15) - (-1 - 1 - -3)) + -44
-35
-64 + 72 + 57 - (-26 + -18)
109
What is -44 + -101 + 185 + 87?
127
Calculate -2 - (14 + (-11 - -9)) - (31 - 81).
36
Calculate 17 + -62 + -6 - -98 - (-1 - (2 - 0)).
50
Evaluate 12696 - 12597 - (39 + 0).
60
What is (56 + -69 - (-18 - 0)) + 15?
20
What is -41 + (67 - (-25 - -62))?
-11
(1 - 15) + 8 + 70 - 6 - 10
48
What is the value of -997 - -958 - (7 + 0)?
-46
What is (-16 - -7) + 6 + -3 + -107 + 61 + 82?
30
What is 9 - 0 - (73 - (8 - 27 - 31))?
-114
(17 - 0) + (98 - 114) - -4
5
Calculate 53 + -67 - 36 - -58.
8
Evaluate 285 + -250 - (1 - (10 + -8)).
36
Calculate (-4 - (-32 + 2)) + -1 - (-314 - -302).
37
What is (1057 - 977) + -33 + -2?
45
Evaluate 3 + -2 + -24 + -16 + 27.
-12
-1 - -1 - (187 - 50)
-137
(-18 - 89 - -92) + (1 - -23) + -58
-49
What is 1113 + -1081 - (-2 - 35)?
69
What is the value of (4 - (-47 - -41)) + 28?
38
What is 22 + (18 - (-9 + 16 + 77))?
-44
Calculate 26 + (-4 - 1) - (-12 + 4).
29
What is 1 + 8 + (-84 - (14 + 4 - 42))?
-51
Evaluate 3 - (9 - ((-86 - -89 - (0 + 51)) + -11)).
-65
Calculate (20 + 34 - 41) + 4 + 52.
69
Calculate 7 + (-42 + 2 - -21 - -3).
-9
Evaluate -16 - (33 + -65) - (-1 + (0 - (0 + 0))).
17
Calculate -38 + 109 - 57 - 54.
-40
Evaluate ((-3 - 67) + 0 + 2 - 1) + -842 + 827.
-84
Evaluate (74 - (-20 + 84)) + (7 - -115).
132
What is -68 + (16 - (-12 + 14) - 38 - -7)?
-85
Evaluate 3 + 27 + (-73 - -2) + 60.
19
Evaluate -11 - -56 - (1 + 0) - (-29 + 40).
33
Evaluate -11 + -33 + 16 + 69 + (5 - 2).
44
Evaluate -3 - ((-14 - -48) + 45 + -42).
-40
Calculate -42 + -124 + 201 + 21.
56
What is (-84 - -72) + -34 + 0?
-46
Calculate -25 - (2 + -26) - -34.
33
What is (-3 - -4) + -22 + (-85 - -116)?
10
Calculate -5 + (31 - 20 - -24).
30
Calculate (-63 - (-25 - 55)) + 58.
75
Evaluate -46 + 8 + 3 + (-225 - -190).
-70
What is the value of -5 + (-38 - ((-35 - -59) + 7))?
-74
Evaluate (4 - (0 + (-45 - -16))) + 29.
62
Calculate 8 + -113 + 54 + 8.
-43
Evaluate -48 - (-86 + 61 - 44).
21
-1 + (15 - 11 - (14 + (-1 - 5)) - -19)
14
Evaluate (2 - -74) + -3007 + 3013.
82
Evaluate -26 + 42 + -13 + 8 + -43 - (-1 + 14).
-45
Calculate (7 - (5 + (13 - 16)) - 31) + (13 - 2).
-15
Calculate (1 + -76 - ((1 - 5) + -1)) + -131 + 140.
-61
Evaluate (1 - (-1 + 0)) + (23 + (-3 - -8) - -71).
101
Calculate 1 - (-10 - -26 - 22 - -20) - 18.
-31
What is -51 + 1 + -1 - (-34 - -11 - -33)?
-61
Calculate 76 + 14 + -7 + -7 + 31 + -8.
99
What is the value of (73 - 97) + (18 - (-4 - -8)) + 2 + -14?
-22
What is the value of -21 + (0 - ((1 + 3 - 10) + -6))?
-9
64 + (28 + 13 - 104)
1
What is the value of (0 - 30) + (-241 - (19 + -220))?
-70
Evaluate 144 + -179 + 51 + -8.
8
Evaluate -66 + (1 - (20 + -31 + -12 - (-10 - -1))).
-51
Evaluate 240 + -264 + 3 + -1.
-22
Calculate -1931 + 1900 - (1 - -7).
-39
Evaluate -22 + (0 - -1) + -10991 + 11035.
23
What is the value of 42 - ((0 - -19) + 85 + -65 + -23)?
26
What is the value of -72 + (-1 - -5) + (44 - (-10 - -40)) + -13?
-67
Evaluate -4 - (-113 + 7) - (-65 + 83) - 5.
79
What is -26 + 23 - ((-48 - -59) + (0 - 2))?
-12
Evaluate (-5 - 2) + 25 + (-15 + -138 - -34).
-101
Evaluate (14 - (49 - 5)) + (16 - 22).
-36
What is -2204 + 2190 - (-6 - 81)?
73
-44 + (97 - 53) + (3 - -1)
4
-5 + (1 - (5 + 2 - -27) - (50 + -43))
-45
What is 73 + (21 - (0 + 2 + 27))?
65
What is 75 + (-3 - -2) - (30 + -34 - -19)?
59
Evaluate (-175 - (-141 - 3)) + -15.
-46
Calculate -39 + 60 + -1 + 12 + (5 - 9).
28
What is the value of 1 + 3 + 67 - (22 + (-4 - 7) + -5)?
65
What is 42 - -2 - (-3236 - -3201)?
79
What is 96 - (62 - -38 - -82)?
-86
What is (-45 - -41 - 43) + 94?
47
1 + 22 + -28 + (35 - (-8 + 3 - -2))
33
Evaluate -1 + 1 - (2 + -67 - (313 - 322)).
56
Calculate 4 + 0 + (4 + 4 + 0 - -1).
13
Calculate (-57 + -8 - -55) + 43.
33
What is the value of 2 - (0 - -1) - ((-50 - (22 - 59)) + 26)?
-12
Calculate (128 - 56) + -59 + 31.
44
(-100 - -82) + -1 + 5 - -4
-10
43 + 9 + (5 - ((5 - (-6 + 18)) + 5))
59
Evaluate 20 - 7 - 42 - (-31 + 32).
-30
Calculate (1 - 47 - -21) + 7 - -27.
9
30 + 23 + -63 - 15
-25
Calculate 16 - 3 - (81 + (7 - (5 - 11)) + -5).
-76
What is (-16 - (-6 + -2 + 7)) + -4 + -1?
-20
30 + (-10 + -42 + -28 - 39)
-89
What is 54 - (8 + (-10 + 8 - 0))?
48
What is 2 + (2 - 30) - (1 + -14 - (-336 + 325))?
-24
1 + -23 + -3955 + 3931
-46
What is the value of 6 + (3 +